of 35 and 20?
5
What is the highest common factor of 76 and 342?
38
What is the greatest common divisor of 6191 and 151?
151
Calculate the greatest common factor of 45 and 1860.
15
What is the greatest common factor of 87 and 609?
87
What is the greatest common factor of 18 and 14?
2
What is the greatest common factor of 336 and 224?
112
What is the greatest common factor of 399 and 1729?
133
Calculate the greatest common divisor of 20 and 230.
10
Calculate the highest common factor of 40 and 2960.
40
Calculate the greatest common divisor of 35 and 160.
5
Calculate the greatest common factor of 13 and 3328.
13
What is the greatest common divisor of 454 and 2?
2
Calculate the highest common divisor of 9 and 4203.
9
Calculate the greatest common factor of 396 and 495.
99
What is the highest common factor of 860 and 40?
20
Calculate the highest common divisor of 1 and 5.
1
What is the greatest common factor of 174 and 2349?
87
Calculate the greatest common factor of 78 and 1443.
39
What is the greatest common divisor of 158 and 711?
79
Calculate the highest common factor of 8224 and 16.
16
Calculate the greatest common divisor of 272 and 986.
34
Calculate the highest common divisor of 128 and 448.
64
Calculate the greatest common divisor of 92 and 782.
46
Calculate the greatest common factor of 391 and 68.
17
Calculate the highest common divisor of 14 and 6972.
14
What is the greatest common factor of 15 and 1245?
15
Calculate the highest common divisor of 18 and 129798.
18
What is the greatest common divisor of 37872 and 144?
144
What is the highest common factor of 14 and 14434?
14
What is the highest common divisor of 1600 and 50?
50
What is the highest common factor of 48 and 300?
12
Calculate the highest common factor of 56 and 434.
14
Calculate the highest common divisor of 36 and 3222.
18
What is the highest common factor of 2 and 18?
2
What is the greatest common divisor of 22 and 2068?
22
Calculate the greatest common divisor of 160 and 176.
16
What is the highest common divisor of 1247 and 86?
43
Calculate the greatest common factor of 15 and 95055.
15
Calculate the greatest common factor of 66 and 18.
6
What is the greatest common divisor of 23 and 1127?
23
Calculate the highest common divisor of 101 and 1111.
101
What is the greatest common factor of 475 and 175?
25
What is the greatest common factor of 30 and 2830?
10
What is the greatest common factor of 14 and 34622?
14
What is the highest common divisor of 1224 and 8?
8
What is the highest common divisor of 7775 and 25?
25
What is the greatest common factor of 948 and 12?
12
What is the greatest common factor of 3 and 1?
1
Calculate the highest common factor of 45 and 1305.
45
What is the highest common factor of 3136 and 5600?
224
Calculate the highest common factor of 21 and 231.
21
What is the highest common factor of 915 and 60?
15
What is the highest common factor of 52 and 8138?
26
Calculate the highest common divisor of 351 and 26.
13
What is the greatest common divisor of 29 and 203?
29
Calculate the highest common factor of 30 and 9915.
15
Calculate the highest common divisor of 144 and 66.
6
What is the greatest common divisor of 26 and 130?
26
What is the greatest common factor of 78 and 30?
6
What is the highest common divisor of 262 and 6?
2
What is the highest common factor of 33 and 220?
11
What is the highest common divisor of 26 and 442?
26
What is the greatest common factor of 183 and 13603?
61
What is the greatest common factor of 6840 and 10?
10
What is the greatest common factor of 9 and 3771?
9
What is the highest common factor of 190 and 76?
38
Calculate the greatest common factor of 12519 and 9.
9
What is the highest common factor of 3304 and 56?
56
What is the highest common divisor of 507 and 39?
39
What is the greatest common factor of 52 and 52?
52
Calculate the greatest common divisor of 1083 and 228.
57
What is the highest common divisor of 168 and 1722?
42
What is the highest common factor of 8 and 150?
2
Calculate the greatest common factor of 13 and 1469.
13
Calculate the greatest common divisor of 8 and 133.
1
What is the greatest common divisor of 4040 and 10?
10
Calculate the greatest common divisor of 264 and 33.
33
What is the greatest common divisor of 14 and 9170?
14
Calculate the highest common factor of 4898 and 31.
31
Calculate the greatest common factor of 10 and 730.
10
Calculate the highest common divisor of 495 and 450.
45
Calculate the highest common divisor of 320 and 184.
8
What is the highest common factor of 94 and 893?
47
Calculate the highest common factor of 825 and 4425.
75
Calculate the greatest common factor of 3302 and 762.
254
Calculate the highest common divisor of 1265 and 23.
23
What is the highest common factor of 7272 and 101?
101
Calculate the highest common factor of 15 and 165.
15
Calculate the highest common divisor of 72 and 2052.
36
Calculate the highest common divisor of 117 and 195.
39
Calculate the highest common factor of 672 and 1792.
224
What is the highest common factor of 30 and 460?
10
What is the highest common factor of 10 and 130?
10
Calculate the greatest common factor of 704 and 11.
11
What is the highest common factor of 86 and 6?
2
What is the highest common factor of 35469 and 42?
21
Calculate the highest common divisor of 364 and 10374.
182
Calculate the highest common factor of 54 and 47358.
54
Calculate the highest common divisor of 78 and 21606.
78
Calculate the highest common factor of 2464 and 528.
176
What is the highest common divisor of 148 and 1850?
74
What is the greatest common factor of 234 and 78?
78
Calculate the greatest common divisor of 11 and 187.
11
What is the highest common factor of 18 and 531?
9
What is the greatest common divisor of 817 and 473?
43
Calculate the greatest common factor of 6743 and 11.
11
What is the highest common divisor of 1139 and 51?
17
What is the highest common factor of 546 and 42?
42
Calculate the highest common divisor of 35 and 20.
5
Calculate the greatest common factor of 224 and 3024.
112
What is the highest common divisor of 246 and 5?
1
Calculate the greatest common factor of 92 and 32.
4
Calculate the highest common factor of 550 and 40.
10
Calculate the highest common factor of 262 and 19650.
262
What is the greatest common factor of 360 and 16?
8
Calculate the highest common divisor of 36 and 666.
18
What is the greatest common factor of 43 and 903?
43
Calculate the greatest common factor of 2848 and 1157.
89
What is the greatest common divisor of 297 and 33?
33
Calculate the highest common divisor of 12 and 228.
12
What is the highest common divisor of 117 and 18?
9
Calculate the greatest common divisor of 3074 and 406.
58
Calculate the greatest common divisor of 34138 and 202.
202
Calculate the greatest common factor of 55 and 506.
11
Calculate the highest common factor of 49 and 56.
7
What is the greatest common factor of 1302 and 336?
42
What is the highest common divisor of 4202 and 44?
22
Calculate the highest common divisor of 282 and 10857.
141
What is the highest common divisor of 705 and 90?
15
What is the highest common factor of 210 and 3486?
42
What is the greatest common divisor of 32 and 1152?
32
What is the highest common factor of 10 and 960?
10
What is the highest common factor of 800 and 25?
25
Calculate the greatest common divisor of 6 and 57.
3
Calculate the greatest common divisor of 1345 and 10.
5
Calculate the greatest common factor of 172 and 817.
43
Calculate the highest common factor of 1073 and 37.
37
What is the highest common factor of 14 and 1358?
14
What is the greatest common factor of 217 and 62?
31
What is the greatest common factor of 6 and 72?
6
Calculate the highest common factor of 7672 and 112.
56
What is the greatest common factor of 736 and 230?
46
Calculate the greatest common factor of 460 and 260.
20
Calculate the highest common factor of 875 and 140.
35
What is the highest common factor of 279 and 3999?
93
Calculate the greatest common factor of 152 and 1463.
19
What is the highest common divisor of 1441 and 22?
11
Calculate the highest common divisor of 418 and 38.
38
What is the greatest common divisor of 32 and 48?
16
What is the highest common factor of 40 and 6040?
40
Calculate the 